late the greatest common divisor of 65 and 6732245.
65
Calculate the greatest common divisor of 352728 and 92.
92
What is the greatest common factor of 745515 and 15?
15
What is the greatest common factor of 588 and 4056?
12
Calculate the highest common factor of 7560 and 2240.
280
What is the greatest common factor of 2108 and 65472?
124
What is the highest common divisor of 1103529 and 735?
147
What is the highest common factor of 468 and 276484?
52
What is the highest common factor of 3213 and 4767?
21
What is the greatest common divisor of 8037 and 38418?
57
Calculate the highest common divisor of 42 and 22218.
42
Calculate the highest common divisor of 27 and 604638.
27
What is the greatest common factor of 1765 and 280?
5
What is the greatest common factor of 1005 and 40335?
15
Calculate the greatest common factor of 75945 and 14640.
915
Calculate the highest common factor of 101 and 65953.
101
Calculate the greatest common divisor of 873 and 15423.
291
What is the greatest common factor of 215894 and 98?
98
Calculate the highest common divisor of 92114 and 33.
11
What is the highest common divisor of 12297568 and 32?
32
Calculate the highest common divisor of 14 and 39102.
14
Calculate the greatest common factor of 25280 and 22910.
790
What is the highest common factor of 9965725 and 31?
31
What is the highest common divisor of 29154 and 9288?
258
What is the greatest common divisor of 572 and 72028?
44
What is the greatest common divisor of 16315 and 130?
65
What is the highest common divisor of 54 and 171846?
18
Calculate the greatest common factor of 13969 and 488.
61
What is the highest common divisor of 8517 and 15531?
501
Calculate the highest common factor of 44 and 5489.
11
Calculate the highest common divisor of 2696 and 1419444.
1348
Calculate the highest common divisor of 468 and 67.
1
Calculate the highest common divisor of 578 and 706894.
578
Calculate the greatest common divisor of 1022 and 672.
14
Calculate the greatest common factor of 658451 and 339.
113
Calculate the greatest common factor of 757360 and 120.
40
What is the greatest common factor of 1056 and 86944?
352
Calculate the greatest common divisor of 170 and 150790.
170
What is the highest common factor of 1134 and 3078?
162
Calculate the greatest common divisor of 840 and 575610.
210
Calculate the highest common divisor of 403 and 1703.
13
What is the highest common divisor of 50 and 70410?
10
What is the highest common factor of 5025 and 2211?
201
What is the greatest common factor of 177590 and 236?
118
Calculate the greatest common divisor of 28449 and 4437.
261
What is the highest common divisor of 10 and 1167410?
10
What is the highest common divisor of 48 and 38232?
24
What is the highest common factor of 84 and 133203?
21
What is the highest common divisor of 133956 and 2257?
61
Calculate the highest common factor of 1148 and 5376.
28
Calculate the highest common factor of 348 and 1812.
12
What is the highest common divisor of 12300 and 576?
12
What is the greatest common factor of 139612 and 167167?
1837
Calculate the highest common divisor of 21041 and 265.
53
Calculate the highest common divisor of 217442 and 2001.
667
Calculate the highest common factor of 23490 and 170.
10
What is the greatest common divisor of 40 and 15430?
10
Calculate the highest common divisor of 338 and 924599.
169
Calculate the highest common factor of 183 and 12688.
61
Calculate the highest common divisor of 14224 and 1552.
16
What is the greatest common divisor of 2464 and 9504?
352
Calculate the highest common divisor of 9 and 2301381.
9
What is the highest common divisor of 24681 and 114?
57
Calculate the greatest common factor of 48 and 255756.
12
Calculate the greatest common factor of 146 and 1024774.
146
What is the greatest common factor of 203724 and 9?
9
Calculate the highest common factor of 279501 and 906.
453
What is the greatest common factor of 168 and 71715?
21
What is the greatest common divisor of 198 and 7959?
3
Calculate the highest common factor of 8 and 264384.
8
Calculate the greatest common divisor of 420 and 512260.
140
Calculate the highest common divisor of 37886 and 76.
38
What is the greatest common factor of 413 and 1262541?
413
Calculate the highest common divisor of 2489004 and 1071.
1071
Calculate the greatest common factor of 44462 and 99781.
517
What is the greatest common factor of 133 and 544597?
19
Calculate the greatest common factor of 442 and 2448.
34
What is the greatest common factor of 1972 and 1292?
68
Calculate the greatest common divisor of 3392 and 3136.
64
What is the greatest common divisor of 92718 and 153?
153
Calculate the highest common factor of 78 and 3019146.
78
Calculate the highest common factor of 715 and 671.
11
Calculate the greatest common divisor of 12186 and 24.
6
Calculate the greatest common factor of 7665 and 385.
35
Calculate the highest common divisor of 38 and 243922.
38
Calculate the greatest common factor of 315566 and 830.
166
Calculate the greatest common factor of 12 and 356106.
6
Calculate the greatest common divisor of 350 and 604975.
175
What is the greatest common divisor of 1709168 and 16?
16
What is the highest common factor of 875 and 47075?
175
Calculate the greatest common divisor of 88 and 19736.
8
What is the highest common factor of 56 and 164696?
56
What is the highest common factor of 13950 and 6750?
450
Calculate the greatest common divisor of 2481 and 664081.
827
Calculate the greatest common factor of 3058 and 538486.
278
Calculate the greatest common divisor of 11732 and 8428.
28
Calculate the greatest common factor of 327 and 48287.
109
Calculate the greatest common divisor of 2863 and 1351.
7
What is the highest common factor of 354 and 34161?
177
Calculate the highest common divisor of 817 and 53561.
19
Calculate the greatest common divisor of 14060 and 444.
148
What is the greatest common divisor of 2257 and 1776?
37
Calculate the greatest common divisor of 4836 and 1364.
124
Calculate the highest common divisor of 117508 and 116.
116
What is the highest common divisor of 9 and 23187?
3
What is the greatest common factor of 2209988 and 44?
44
Calculate the greatest common factor of 344 and 83420.
172
Calculate the greatest common divisor of 85 and 5627.
17
Calculate the greatest common factor of 770 and 560483.
77
What is the greatest common divisor of 20646 and 962?
74
Calculate the highest common divisor of 72852 and 234.
78
Calculate the highest common factor of 272419 and 14.
7
What is the highest common divisor of 9 and 7617?
3
Calculate the highest common divisor of 518 and 4952.
2
What is the greatest common divisor of 124 and 2139?
31
Calculate the greatest common divisor of 3 and 9874.
1
What is the greatest common divisor of 1206 and 5494?
134
Calculate the greatest common factor of 295 and 1355.
5
Calculate the highest common factor of 852 and 568.
284
What is the highest common divisor of 5937481 and 19?
19
What is the greatest common factor of 11 and 1148840?
11
What is the greatest common factor of 56 and 18256?
56
Calculate the highest common divisor of 1444 and 55404.
76
Calculate the greatest common divisor of 2169 and 1893778.
241
What is the highest common factor of 53439 and 14664?
141
What is the greatest common divisor of 147 and 275233?
49
What is the highest common divisor of 105 and 528750?
15
What is the highest common divisor of 86182 and 82?
82
What is the highest common factor of 20 and 275972?
4
Calculate the greatest common divisor of 1159 and 35074.
19
Calculate the greatest common divisor of 990 and 1494.
18
Calculate the highest common divisor of 5773216 and 32.
32
Calculate the greatest common factor of 34686 and 138006.
738
What is the highest common factor of 2695 and 31185?
385
What is the greatest common divisor of 105 and 18459?
21
Calculate the highest common factor of 8773 and 24621.
283
Calculate the highest common divisor of 1380 and 3795.
345
What is the highest common divisor of 714 and 1734?
102
Calculate the highest common divisor of 1274 and 40404.
182
Calculate the highest common divisor of 80 and 320568.
8
What is the highest common factor of 1205 and 4720949?
241
What is the greatest common divisor of 206595 and 45?
45
Wha